
Calculate -1 - (4 - 0 - 0) - 0.
-5
What is 6 + (-1 - (-4 - (-3 - 0)) - -8)?
14
What is the value of 32 + 6 + (-29 - -11)?
20
What is (3 - 33) + 1 + 18 + -7?
-18
What is the value of (171 - 170) + -1 + -12?
-12
Evaluate 14 + 5 + -32 + 10 - (2 - -9).
-14
7 + (7 + -1 - 12)
1
-1 + (8 + 0 - (-106 + 105) - 26)
-18
What is the value of 15 + -3 + -205 + 178?
-15
Evaluate 7 - -6 - ((6 - (-1 + 7)) + 1).
12
80 - 78 - (17 + 0)
-15
Calculate 0 - (9 + -3) - (-5 + -15).
14
What is the value of 1 - -24 - (-56 - (-26 - 38))?
17
What is 12 - ((13 - 3) + -11)?
13
What is the value of (7 - -3 - 1) + (-32 - -2)?
-21
-10 + 16 - ((17 - 1) + 2)
-12
(10 + 0 + -7 - (-1 + 2)) + -11
-9
Evaluate -10 - (-7 + (-13 - -7) + 4).
-1
What is the value of 3 + (18 + -7 + -13 - -11)?
12
Calculate -9 - (-14 + (-14 - -20)).
-1
What is 23 + -15 + (-4 + 12 - (2 - 1))?
15
Calculate (-1 - -10) + 15 + (9 - 37).
-4
What is the value of (26 - 48) + -6 - -13?
-15
What is the value of 25 + -9 - (21 - 7)?
2
-12 + (24 - (-4 + 10))
6
What is the value of 8 + (-4 - (15 + -21))?
10
What is the value of -17 - ((-2 + 4 - -14) + 2)?
-35
9 - (-6 - -18) - -15
12
Evaluate (-1 - 25) + (47 - (33 - -4)).
-16
What is (-9 - (6 - 29)) + (-1 - (-2 + 0))?
15
What is the value of 4 + (0 + -1 + -4 - 5)?
-6
What is the value of (-11 + 7 + -7 - -7) + (-2 - -2)?
-4
What is the value of 13 + 13 + -15 - -2?
13
Calculate (-1 - 4) + -11 + (10 - (-9 + 13)).
-10
What is 3 - -10 - 3 - 5?
5
What is 0 - (-3 + 4) - (18 + -11 + 2)?
-10
What is the value of 12 + (15 - 46) + 1 + -1 + 12?
-7
Calculate (-2 - 0) + -7 + (3 - 1).
-7
(0 - -4 - (-26 - -33) - -6) + -8
-5
-25 + 22 - (0 - (3 + -4))
-4
Calculate 0 - (-8 - -3) - ((-13 - -14) + -7).
11
Evaluate 1 + -1 + 0 + 53 + (25 - 88).
-10
Calculate (1 - 0) + -28 + (8 - -11).
-8
(68 - 65) + (3 - -2) - 13
-5
-11 - ((18 - (13 + 4)) + -2)
-10
Evaluate -9 + (52 - 56 - (1 - 13)).
-1
What is the value of (-2 - ((-2 - (6 + -4)) + -4)) + -9?
-3
What is the value of 0 + 1 + 0 + 2 + (314 - 315)?
2
-1 + -6 + -3 + 9 - 7
-8
What is the value of -4 + 5 + (2 - 4) - (-3 - 12)?
14
Calculate 35 + 1 + -6 + -20.
10
What is the value of 23 + -21 - (-2 + 2 + 4 + 16)?
-18
34 + 8 + (-31 + 33 - (14 - 0))
30
What is the value of 20 + (-1 - (10 + -2))?
11
2 + -19 + 17 - (10 + -8)
-2
Evaluate 6 + 2 + -13 - (-6 - -11).
-10
What is 29 - 4 - (-11 + -8 + 24)?
20
Evaluate 31 - (3 - 3) - ((0 - -8) + -5).
28
Calculate -35 + (-17 - -12) - -27.
-13
What is the value of (36 - (-4 + 30)) + (3 - 0 - 3)?
10
What is the value of 0 + 11 + (13 - 30) + 13?
7
Evaluate (8 - (8 - (0 + 2) - 4)) + 0.
6
What is the value of -18 - (4 - ((-7 - -11) + 4))?
-14
What is 12 + (4 - -1) + -10?
7
Calculate 27 + 0 + -23 + -11.
-7
Calculate 71 + -56 + (-1 - 12).
2
-19 + -11 + 14 + 13
-3
Calculate (-38 - -28) + (14 - -3).
7
What is -29 + (2 - -7) - (2 - 2 - 2)?
-18
Calculate 7 + 19 + -7 + -6.
13
Evaluate -4 + (-2 - -1) + -5 - 4.
-14
Evaluate -31 + 21 + 10 + -6.
-6
What is -40 - (0 - 19) - -12?
-9
Evaluate 12 + (11 - -22 - 22).
23
Evaluate 19 + 14 + -6 + -21.
6
0 + (0 - 16) - (-58 - (-129 + 68))
-19
Evaluate -16 + (23 - 62) - -39.
-16
What is -6 + -1 + -5 - -4?
-8
Calculate -26 - (-6 - 18) - (1 + -1 + 1).
-3
What is the value of (-19 - (-30 - -18)) + -10?
-17
Calculate (15 - (-12 + 35)) + (1 - -18).
11
Calculate -12 + 1 + 3 + -6 + 16 + -11.
-9
-2 + 4 - (-29 - -16)
15
2 + 3 + (-17 + 14 - 5)
-3
Calculate 5 + 3 + (1 - -4) + (3 - 35).
-19
What is 28 - (-15 + (20 - -1) - (-1 + 4))?
25
Evaluate 2 + -25 - (145 - 150).
-18
(12 - (1 + 0)) + 1 + (-17 - 24)
-29
Calculate (5 + -17 - -9) + (-20 - -17).
-6
Calculate (0 - -1 - (-9 - -13)) + (-179 - -185).
3
Evaluate -9 - (7 - ((16 - -21) + 5 + 3)).
29
What is the value of -3 - (-3 + 4 - (-20 + 29))?
5
118 + -124 + (-7 - 0) - -6
-7
-14 - (-25 + -25 + 15)
21
Evaluate 5 - (-6 - (-5 - (-7 + -1))).
14
What is the value of (-2 - -2 - -4 - 7) + -3?
-6
18 + 2 - (0 + 1 + 11)
8
Calculate (4 + 9 - 4) + -16.
-7
18 - (-19 + 36 - 4)
5
Calculate -1 + -5 + -6 + (8 - (-7 + -4)).
7
Calculate 16 + (-12 - -1) + -9 - 6.
-10
2 + -1 + (7 - (29 + -2))
-19
What is 43 + (-14 - 19 - -1)?
11
Evaluate -1 + (4 + -5 - -13) + -1.
10
(3 - -1 - 6) + -1 + (10 - -2)
9
What is the value of -35 + 14 + (3 - -37)?
19
What is the value of (0 + -4 - (1 - 5)) + (18 - -1)?
19
Calculate (106 - 108) + 16 + -3.
11
What is -5 - -19 - (-39 - -25)?
28
Calculate (10 + -26 - -16) + (2 + -1 - -2).
3
What is the value of (-3 - -4 - (-27 - (5 - 16))) + -2?
15
Evaluate -6 + -2 - -14 - 6 - -8.
8
Evaluate 4 - (24 - 22 - -7).
-5
Calculate -13 + 32 + (-12 - -2).
9
Evaluate -6 + 2 + 21 + -21 + -4.
-8
Calculate 7 + -3 + (14 + 0 - 0) + -3.
15
(-1 - 6) + (-40 - -19 - -20)
-8
0 + 2 + (14 + -12 - -4) - 2
6
What is (8 - (-9 + 12)) + (-11 - (4 + 0))?
-10
What is the value of (175 - 174) + (-9 - 11)?
-19
-1 + -10 - (660 + -651)
-20
-8 + (25 - (31 + -12))
-2
What is the value of 2 + (12 - (4 - -1) - 26)?
-17
What is (47 - 41) + -9 + (0 - 0)?
-3
What is -33 + -3 + -301 + 329?
-8
What is the value of 5 + (-16 - (13 - 21)) - 6?
-9
(2 - (9 - -4)) + 18
7
42 - (19 - 6 - -4)
25
14 - (-8 - -7) - 6
9
Evaluate -724 + 700 - (-1 - 43).
20
What is (0 - (10 + -10)) + -3 - (-2 - 1)?
0
(-5 - (-2 + 1)) + 9 + -6 + 10
9
Evaluate (3 - (18 - 28)) + 4 - (1 + -3).
19
Calculate -15 + (-2 - (-2 - -1) - (3 - 7)).
-12
Calculate 10 - (-27 - -45 - -16).
-24
Calculate (-4 - (-4 - -2)) + -83 + 89.
4
What is -14 + (-5 - -17) - (1 + -13)?
10
What is the value of -11 + 39 - 21 - (-16 + 7)?
16
Evaluate 50 + (-4 - 18 - -2).
30
Calculate 340 - 316 - (26 + 1).
-3
What is 0 + (2 - -6) + (-1 - 3)?
4
What is the value of (-76 - -33 - -19) + 7?
-17
Calculate (-3 + -15 - -10) + 12.
4
9 - 3 - -8 - (31 + -27)
10
Calculate 18 + -20 + 24 + -15.
7
(0 - (7 - (9 - 9))) + 7
0
What is the value of -1 - 0 - (11 - 2 - 23 - -17)?
-4
Calculate (24 - (-19 - (21 + -56))) + (-33 - 1).
-26
Calculate -2 + -3 - -15 - (-2 - -4).
8
What is the value of 0 - 6 - (-17 - (-26 + (-4 - -13)))?
-6
Calculate (-7 - -2) + 5 + 8 - 13.
-5
What is -10 + (29 - (12 + 1))?
6
200 + -157 - (23 - -2)
18
Calculate 1 - (-6 + -1 + 2).
6
What is the value of (35 - 74 - -52) + (1 - -4)?
18
6 + (-11 - (-20 - -7))
8
Calculate -8 - 2 - (-9 + 11 + 12 + -6).
-18
Evaluate -7 + -14 + (3 - -24).
6
Calculate (-5 + 5 - 6) + 4.
-2
(-29 - -7) + 1 - -22
1
What is the value of 4 + 7 + -6 + 0 + -6?
-1
Calculate 25 + -26 - (7 - 0 - (1 + -3)).
-10
(-17 - (-19 + 10)) + (0 - -13)
5
What is (-33 - (2 - 4)) + 10 + (-11 - 0)?
-32
Evaluate 14 - (14 + -9 - 11 - (5 + -10)).
15
4 + (8 - (-1 - 0) - (-20 - -23))
10
Evaluate -4 - (4 + -12 + -2 - -5) - 14.
-13
Evaluate -4 + 22 - (13 - (19 + -52)).
-28
What is -45 + -1 + (-167 - -206)?
-7
What is 9 - (1 - -3 - 26) - 12?
19
What is 22 - ((-68 - -22) + 65)?
3
What is 13 - (-18 + 22 + 12 + -10)?
7
What is the value of -25 + 50 + -24 + 39?
40
What is 6 - ((6 + -2 - 28) + 14)?
16
1 + 5 + -10 + (16 - 17)
-5
What is the value of -10 + -7 + 6 + (0 - -5) + -8?
-14
What is (79 - 69) + 1 + -24?
-13
Evaluate -9 - (9 - (9 + (-14 - -15))).
-8
Evaluate -17 - 20 - -80 - 38.
5
What is the value of 10 + -19 + 12 + 4?
7
What is (-3 - 3) + (-14 + 26 - 6)?
0
What is (-20 - -39) + -20 + -3?
-4
Calculate -9 + 11 - (9 - 11) - -24.
28
What is -14 - (-3 + -6 - -9)?
-14
Evaluate (-11 - -35) + -6 + 3.
21
Calculate 5 + (30 - 13) + -5 - (-3 + -3).
23
17 + 0 - (-27 - -32 - -5)
7
Evaluate (9 - 14) + 4 + -1 + -10.
-12
Calculate (5 - -14) + -37 - (-4 + 20).
-34
What is the value of (-1 - -19) + -247 + 243?
14
Evaluate 39 + (-27 - -9) + -6.
15
What is the value of -12 - -1 - 0 - (8 + -13)?
-6
What is the value of (-1 - -1 - -20) + (-50 - (-52 + 9))?
13
Calculate 1 + 14 + -13 + 17.
19
-573 - -556 - ((-1 - -1) + (4 - 12))
-9
Evaluate (25 - 2) + (-6 - -6) + (14 - 19).
18
(0 - -17) + 58 + -7 + -60
8
11 - 0 - (2 + -5 + 9 - 1)
6
What is 12 - (0 - -2 - -3)?
7
2 - (-3 + 12) - (-2 + 4 + -1)
-8
What is the value of (16 - 0) + 9 - 15?
10
What is -8 + 2 + (1 - (8 + 0))?
-13
Evaluate -26 - (4 + 0 + (-6 - -11) + -11).
-24
(2 - -10) + (-22 - -43) + -10
23
What is (-3 - 9) + 31 + -1?
18
What is the value of -47 - -42 - (0 - -29)?
-34
Calculate (3 - 37 - -41) + -10.
-3
What is -13 + (81 + -81 - (-1 - -1)) + -2?
-15
What is (-3 - 2) + 50 + -65 + 29?
9
11 - (-10 + (0 - 9 - -22))
8
What is -618 - -